 164235?
3, 5, 10949
What are the prime factors of 3212421?
3, 631, 1697
What are the prime factors of 4297754?
2, 2148877
List the prime factors of 7988446.
2, 3994223
List the prime factors of 6401704.
2, 800213
List the prime factors of 8659.
7, 1237
List the prime factors of 1075298.
2, 7, 89, 863
What are the prime factors of 15482464?
2, 483827
List the prime factors of 7240693.
7240693
List the prime factors of 2206686.
2, 3, 367781
What are the prime factors of 2782791?
3, 11, 28109
List the prime factors of 1698674.
2, 17, 47, 1063
List the prime factors of 634546.
2, 11, 28843
What are the prime factors of 5222327?
11, 474757
List the prime factors of 13875325.
5, 23, 59, 409
List the prime factors of 1015720.
2, 5, 67, 379
List the prime factors of 4164828.
2, 3, 347069
What are the prime factors of 2119512?
2, 3, 47, 1879
What are the prime factors of 119398?
2, 59699
What are the prime factors of 489551?
489551
List the prime factors of 19425565.
5, 1033, 3761
List the prime factors of 2867473.
7, 409639
What are the prime factors of 23366755?
5, 17, 47, 5849
List the prime factors of 1020422.
2, 13, 3019
What are the prime factors of 1467931?
241, 6091
What are the prime factors of 186310?
2, 5, 31, 601
What are the prime factors of 26558333?
19, 151, 9257
What are the prime factors of 382207?
7, 54601
What are the prime factors of 10784253?
3, 67, 53653
List the prime factors of 4105943.
4105943
List the prime factors of 1425057.
3, 19, 23, 1087
List the prime factors of 3566635.
5, 43, 53, 313
List the prime factors of 43567.
19, 2293
What are the prime factors of 204413?
11, 18583
What are the prime factors of 61327?
7, 8761
List the prime factors of 1194126.
2, 3, 199021
What are the prime factors of 146038?
2, 73019
What are the prime factors of 5494914?
2, 3, 19, 16067
List the prime factors of 308227.
17, 18131
What are the prime factors of 2788570?
2, 5, 431, 647
What are the prime factors of 229574?
2, 79, 1453
List the prime factors of 2226711.
3, 17, 43661
What are the prime factors of 1506074?
2, 151, 4987
What are the prime factors of 4522655?
5, 904531
List the prime factors of 461139.
3, 7, 3137
List the prime factors of 2730271.
2730271
What are the prime factors of 369981?
3, 71, 193
What are the prime factors of 6613148?
2, 1653287
What are the prime factors of 3145383?
3, 137, 2551
What are the prime factors of 407747?
407747
List the prime factors of 653735.
5, 17, 7691
What are the prime factors of 580039?
211, 2749
What are the prime factors of 192465?
3, 5, 7, 13, 47
List the prime factors of 210065.
5, 42013
What are the prime factors of 3727937?
3727937
What are the prime factors of 59527?
13, 19, 241
List the prime factors of 460133.
31, 14843
List the prime factors of 4670687.
7, 667241
List the prime factors of 189400.
2, 5, 947
List the prime factors of 824011.
19, 31, 1399
What are the prime factors of 182849?
83, 2203
List the prime factors of 809367.
3, 13, 20753
List the prime factors of 1774872.
2, 3, 11, 83
What are the prime factors of 2715750?
2, 3, 5, 17, 71
What are the prime factors of 2973316?
2, 107, 6947
List the prime factors of 6223799.
239, 26041
List the prime factors of 817730.
2, 5, 81773
What are the prime factors of 297650?
2, 5, 5953
What are the prime factors of 95355?
3, 5, 13, 163
List the prime factors of 2367869.
7, 338267
What are the prime factors of 8276385?
3, 5, 13, 42443
List the prime factors of 717711.
3, 239237
What are the prime factors of 206431?
17, 12143
What are the prime factors of 160820?
2, 5, 11, 17, 43
List the prime factors of 108376.
2, 19, 23, 31
What are the prime factors of 146524?
2, 7, 5233
List the prime factors of 889322.
2, 7, 139, 457
What are the prime factors of 173098?
2, 23, 53, 71
List the prime factors of 2251869.
3, 137, 5479
List the prime factors of 18239613.
3, 7, 127, 977
What are the prime factors of 307837?
43, 7159
List the prime factors of 4862565.
3, 5, 181, 199
List the prime factors of 371268.
2, 3, 10313
What are the prime factors of 319230?
2, 3, 5, 3547
List the prime factors of 6659216.
2, 416201
List the prime factors of 48664.
2, 7, 11, 79
List the prime factors of 585278.
2, 29, 10091
What are the prime factors of 40120?
2, 5, 17, 59
List the prime factors of 649260.
2, 3, 5, 3607
List the prime factors of 2988751.
103, 29017
List the prime factors of 9770866.
2, 7, 139, 5021
What are the prime factors of 6648138?
2, 3, 7, 19, 2777
What are the prime factors of 1347905?
5, 13, 89, 233
What are the prime factors of 6114698?
2, 103, 29683
List the prime factors of 887261.
887261
What are the prime factors of 7637190?
2, 3, 5, 11, 23143
What are the prime factors of 179047?
11, 41, 397
What are the prime factors of 2253709?
2253709
List the prime factors of 21643333.
21643333
List the prime factors of 13205876.
2, 31, 281, 379
List the prime factors of 11310801.
3, 307, 12281
List the prime factors of 1941826.
2, 101, 9613
What are the prime factors of 19880357?
7, 617, 4603
List the prime factors of 9191947.
37, 248431
List the prime factors of 368088.
2, 3, 7, 313
What are the prime factors of 210854?
2, 7, 15061
What are the prime factors of 171891?
3, 71, 269
What are the prime factors of 48489?
3, 7, 2309
List the prime factors of 823614.
2, 3, 11, 12479
What are the prime factors of 28590954?
2, 3, 7, 179, 3803
List the prime factors of 938814.
2, 3, 23, 6803
What are the prime factors of 119298?
2, 3, 59, 337
List the prime factors of 221997.
3, 73999
What are the prime factors of 6534267?
3, 593, 3673
What are the prime factors of 7045667?
17, 414451
List the prime factors of 8954955.
3, 5, 22111
What are the prime factors of 597837?
3, 349, 571
List the prime factors of 2317110.
2, 3, 5, 77237
What are the prime factors of 6478764?
2, 3, 539897
List the prime factors of 11480810.
2, 5, 11, 29, 59, 61
What are the prime factors of 2635501?
11, 23, 947
List the prime factors of 29908697.
7, 13, 328667
List the prime factors of 954268.
2, 7, 173, 197
What are the prime factors of 890348?
2, 222587
What are the prime factors of 7459499?
31, 41, 5869
List the prime factors of 4604929.
7, 461, 1427
What are the prime factors of 2598131?
389, 6679
What are the prime factors of 269451?
3, 7, 13, 47
List the prime factors of 689981.
689981
List the prime factors of 4971709.
4971709
What are the prime factors of 90742?
2, 59, 769
What are the prime factors of 3409181?
971, 3511
What are the prime factors of 505669?
505669
What are the prime factors of 311754?
2, 3, 223, 233
What are the prime factors of 169265?
5, 97, 349
What are the prime factors of 259818?
2, 3, 13, 3331
List the prime factors of 12808868.
2, 3202217
List the prime factors of 2622015.
3, 5, 11, 5297
List the prime factors of 147340.
2, 5, 53, 139
List the prime factors of 419339.
17, 1451
What are the prime factors of 473007?
3, 157669
What are the prime factors of 53448?
2, 3, 17, 131
What are the prime factors of 1804734?
2, 3, 19, 1759
List the prime factors of 407589.
3, 7, 13, 1493
List the prime factors of 76945.
5, 11, 1399
What are the prime factors of 7471561?
7471561
List the prime factors of 4271814.
2, 3, 73, 3251
What are the prime factors of 178953?
3, 59651
What are the prime factors of 2098108?
2, 431, 1217
What are the prime factors of 16587507?
3, 29, 37, 5153
List the prime factors of 88686.
2, 3, 13, 379
What are the prime factors of 34789?
19, 1831
List the prime factors of 389541.
3, 41, 3167
List the prime factors of 133835.
5, 13, 29, 71
List the prime factors of 5326585.
5, 11, 96847
List the prime factors of 13000244.
2, 23, 141307
What are the prime factors of 1701710?
2, 5, 379, 449
What are the prime factors of 8492729?
7, 31, 5591
List the prime factors of 2982454.
2, 1491227
List the prime factors of 8403539.
1049, 8011
List the prime factors of 718031.
61, 79, 149
List the prime factors of 2699937.
3, 299993
List the prime factors of 177989.
7, 47, 541
List the prime factors of 1272228.
2, 3, 106019
List the prime factors of 442239.
3, 7, 21059
List the prime factors of 212479.
212479
What are the prime factors of 7596?
2, 3, 211
What are the prime factors of 2950068?
2, 3, 11, 22349
List the prime factors of 5669.
56